s the remainder when 597 is divided by 75?
72
What is the remainder when 88 is divided by 15?
13
What is the remainder when 207 is divided by 106?
101
What is the remainder when 21 is divided by 16?
5
Calculate the remainder when 89 is divided by 10.
9
What is the remainder when 83 is divided by 30?
23
What is the remainder when 194 is divided by 72?
50
Calculate the remainder when 6186 is divided by 23.
22
What is the remainder when 457 is divided by 202?
53
What is the remainder when 138 is divided by 22?
6
Calculate the remainder when 2925 is divided by 70.
55
What is the remainder when 1566 is divided by 10?
6
What is the remainder when 1068 is divided by 7?
4
Calculate the remainder when 647 is divided by 24.
23
What is the remainder when 154 is divided by 5?
4
What is the remainder when 597 is divided by 60?
57
What is the remainder when 156 is divided by 48?
12
Calculate the remainder when 90761 is divided by 323.
321
Calculate the remainder when 1618 is divided by 456.
250
Calculate the remainder when 1399 is divided by 44.
35
What is the remainder when 329 is divided by 88?
65
What is the remainder when 1428 is divided by 5?
3
What is the remainder when 79 is divided by 72?
7
What is the remainder when 59 is divided by 21?
17
Calculate the remainder when 318 is divided by 24.
6
What is the remainder when 99 is divided by 29?
12
What is the remainder when 94 is divided by 27?
13
Calculate the remainder when 105 is divided by 42.
21
Calculate the remainder when 177 is divided by 20.
17
Calculate the remainder when 160 is divided by 33.
28
What is the remainder when 8875 is divided by 14?
13
Calculate the remainder when 2356 is divided by 588.
4
What is the remainder when 212 is divided by 164?
48
What is the remainder when 268 is divided by 46?
38
What is the remainder when 29036 is divided by 88?
84
What is the remainder when 140 is divided by 25?
15
Calculate the remainder when 613 is divided by 51.
1
Calculate the remainder when 458 is divided by 347.
111
Calculate the remainder when 3492 is divided by 159.
153
Calculate the remainder when 730 is divided by 89.
18
What is the remainder when 91 is divided by 19?
15
What is the remainder when 21 is divided by 11?
10
What is the remainder when 2025 is divided by 1000?
25
What is the remainder when 163 is divided by 61?
41
What is the remainder when 54 is divided by 40?
14
What is the remainder when 3961 is divided by 305?
301
Calculate the remainder when 102 is divided by 34.
0
Calculate the remainder when 220 is divided by 32.
28
What is the remainder when 7287 is divided by 37?
35
Calculate the remainder when 616 is divided by 180.
76
Calculate the remainder when 16729 is divided by 47.
44
Calculate the remainder when 156 is divided by 68.
20
What is the remainder when 406 is divided by 30?
16
Calculate the remainder when 87 is divided by 15.
12
What is the remainder when 114 is divided by 28?
2
What is the remainder when 2809 is divided by 104?
1
What is the remainder when 708 is divided by 80?
68
What is the remainder when 385 is divided by 103?
76
Calculate the remainder when 2309 is divided by 19.
10
What is the remainder when 1732 is divided by 56?
52
Calculate the remainder when 179 is divided by 63.
53
What is the remainder when 105 is divided by 18?
15
What is the remainder when 4204 is divided by 248?
236
What is the remainder when 371 is divided by 89?
15
Calculate the remainder when 1991 is divided by 86.
13
Calculate the remainder when 5724 is divided by 30.
24
Calculate the remainder when 86 is divided by 23.
17
Calculate the remainder when 868 is divided by 848.
20
What is the remainder when 3564 is divided by 123?
120
Calculate the remainder when 599 is divided by 11.
5
What is the remainder when 98 is divided by 37?
24
What is the remainder when 766 is divided by 747?
19
Calculate the remainder when 569 is divided by 6.
5
Calculate the remainder when 64 is divided by 6.
4
What is the remainder when 561 is divided by 3?
0
What is the remainder when 113 is divided by 34?
11
Calculate the remainder when 1469 is divided by 87.
77
What is the remainder when 143 is divided by 107?
36
What is the remainder when 445 is divided by 129?
58
What is the remainder when 185 is divided by 59?
8
Calculate the remainder when 71 is divided by 39.
32
What is the remainder when 63 is divided by 4?
3
What is the remainder when 131 is divided by 91?
40
What is the remainder when 307 is divided by 101?
4
What is the remainder when 12393 is divided by 161?
157
Calculate the remainder when 690 is divided by 555.
135
What is the remainder when 478 is divided by 40?
38
What is the remainder when 1091 is divided by 26?
25
What is the remainder when 215 is divided by 76?
63
What is the remainder when 274 is divided by 110?
54
What is the remainder when 186 is divided by 43?
14
Calculate the remainder when 2521 is divided by 17.
5
What is the remainder when 502 is divided by 85?
77
What is the remainder when 94 is divided by 19?
18
Calculate the remainder when 453 is divided by 66.
57
What is the remainder when 112 is divided by 66?
46
Calculate the remainder when 769 is divided by 56.
41
What is the remainder when 186 is divided by 53?
27
Calculate the remainder when 604 is divided by 154.
142
What is the remainder when 80 is divided by 70?
10
Calculate the remainder when 625 is divided by 11.
9
What is the remainder when 1623 is divided by 269?
9
Calculate the remainder when 153 is divided by 37.
5
Calculate the remainder when 32 is divided by 8.
0
What is the remainder when 141 is divided by 11?
9
Calculate the remainder when 349 is divided by 39.
37
Calculate the remainder when 866 is divided by 287.
5
What is the remainder when 9 is divided by 7?
2
Calculate the remainder when 19 is divided by 12.
7
Calculate the remainder when 6590 is divided by 103.
101
What is the remainder when 366 is divided by 56?
30
What is the remainder when 774 is divided by 37?
34
Calculate the remainder when 376 is divided by 29.
28
What is the remainder when 37 is divided by 6?
1
What is the remainder when 808 is divided by 121?
82
Calculate the remainder when 181 is divided by 91.
90
Calculate the remainder when 2069 is divided by 115.
114
What is the remainder when 356 is divided by 296?
60
What is the remainder when 3242 is divided by 325?
317
What is the remainder when 8919 is divided by 223?
222
Calculate the remainder when 1232 is divided by 85.
42
What is the remainder when 87 is divided by 4?
3
Calculate the remainder when 1977 is divided by 165.
162
What is the remainder when 132 is divided by 110?
22
Calculate the remainder when 254 is divided by 76.
26
What is the remainder when 99 is divided by 34?
31
Calculate the remainder when 667 is divided by 137.
119
What is the remainder when 590 is divided by 36?
14
Calculate the remainder when 266 is divided by 89.
88
Calculate the remainder when 2075 is divided by 33.
29
Calculate the remainder when 108 is divided by 58.
50
What is the remainder when 71 is divided by 23?
2
Calculate the remainder when 8368 is divided by 30.
28
Calculate the remainder when 350 is divided by 44.
42
Calculate the remainder when 1274 is divided by 421.
11
Calculate the remainder when 247 is divided by 23.
17
Calculate the remainder when 1648 is divided by 102.
16
Calculate the remainder when 35 is divided by 12.
11
Calculate the remainder when 155 is divided by 28.
15
What is the remainder when 968 is divided by 197?
180
Calculate the remainder when 213 is divided by 38.
23
What is the remainder when 2716 is divided by 40?
36
Calculate the remainder when 1728 is divided by 19.
18
What is the remainder when 159 is divided by 59?
41
Calculate the remainder when 330 is divided by 8.
2
What is the remainder when 236 is divided by 40?
36
What is the remainder when 30 is divided by 12?
6
Calculate the remainder when 648 is divided by 65.
63
Calculate the remainder when 1116 is divided by 43.
41
Calculate the remainder when 231 is divided by 75.
6
What is the remainder when 344 is divided by 333?
11
What is the remainder when 53 is divided by 11?
9
Calculate the remainder when 1116 is divided by 275.
16
Calculate the remainder when 541 is divided by 42.
37
What is the remainder when